{"id":42,"date":"2022-08-02T08:35:17","date_gmt":"2022-08-02T13:35:17","guid":{"rendered":"https:\/\/tecnotex.pe\/?post_type=product&#038;p=42"},"modified":"2026-02-09T14:05:15","modified_gmt":"2026-02-09T19:05:15","slug":"escarmenadora-manual","status":"publish","type":"product","link":"https:\/\/tecnotex.pe\/index.php\/product\/escarmenadora-manual\/","title":{"rendered":"Escarmenadora Manual"},"content":{"rendered":"<p>La escarmenadora EC2-2022 de TecnoTex.Pe est\u00e1 dise\u00f1ada para el tratamiento inicial de fibras como la alpaca o la lana de oveja. Su estructura met\u00e1lica y sistema de balance garantizan una apertura eficiente de la fibra, optimizando el proceso de preparaci\u00f3n para hilado.<\/p>\n<p>ESPECIFICACIONES<br \/>\nMarca: TecnoTex.Pe<br \/>\nModelo: EC2-2022<br \/>\nCondici\u00f3n: Nuevo<br \/>\nCapacidad: 2 kg por d\u00eda<br \/>\nMaterial que trabaja: Fibra de alpaca o lana de oveja<br \/>\nDimensiones: Altura 65 cm x Ancho 60 cm x Largo 55 cm<br \/>\nPeso: 14 kg<br \/>\nMaterial de fabricaci\u00f3n: Estructura de metal, eje de balance met\u00e1lico, balanc\u00edn de fierro con punzas<\/p>\n<p>CARACTER\u00cdSTICAS<br \/>\nIdeal para escarmenar fibras naturales antes del proceso de cardado o hilado<br \/>\nDise\u00f1o compacto y f\u00e1cil de ubicar en talleres peque\u00f1os o espacios rurales<br \/>\nSistema de balance con punzas que mejora la apertura y limpieza de la fibra<br \/>\nConstrucci\u00f3n robusta y liviana a la vez, que facilita su transporte<br \/>\nBajo consumo energ\u00e9tico y mantenimiento sencillo<\/p>\n","protected":false},"excerpt":{"rendered":"<p>Escarmenadora manual de fibra o lana<\/p>\n","protected":false},"featured_media":205,"comment_status":"open","ping_status":"closed","template":"","meta":[],"product_brand":[],"product_cat":[19,24],"product_tag":[],"class_list":{"0":"post-42","1":"product","2":"type-product","3":"status-publish","4":"has-post-thumbnail","6":"product_cat-maquinaria-para-hilado","7":"product_cat-planta-familiar","9":"first","10":"instock","11":"shipping-taxable","12":"purchasable","13":"product-type-simple"},"_links":{"self":[{"href":"https:\/\/tecnotex.pe\/index.php\/wp-json\/wp\/v2\/product\/42","targetHints":{"allow":["GET"]}}],"collection":[{"href":"https:\/\/tecnotex.pe\/index.php\/wp-json\/wp\/v2\/product"}],"about":[{"href":"https:\/\/tecnotex.pe\/index.php\/wp-json\/wp\/v2\/types\/product"}],"replies":[{"embeddable":true,"href":"https:\/\/tecnotex.pe\/index.php\/wp-json\/wp\/v2\/comments?post=42"}],"wp:featuredmedia":[{"embeddable":true,"href":"https:\/\/tecnotex.pe\/index.php\/wp-json\/wp\/v2\/media\/205"}],"wp:attachment":[{"href":"https:\/\/tecnotex.pe\/index.php\/wp-json\/wp\/v2\/media?parent=42"}],"wp:term":[{"taxonomy":"product_brand","embeddable":true,"href":"https:\/\/tecnotex.pe\/index.php\/wp-json\/wp\/v2\/product_brand?post=42"},{"taxonomy":"product_cat","embeddable":true,"href":"https:\/\/tecnotex.pe\/index.php\/wp-json\/wp\/v2\/product_cat?post=42"},{"taxonomy":"product_tag","embeddable":true,"href":"https:\/\/tecnotex.pe\/index.php\/wp-json\/wp\/v2\/product_tag?post=42"}],"curies":[{"name":"wp","href":"https:\/\/api.w.org\/{rel}","templated":true}]}}